-18)))).
64
Calculate 19 + (-35 - -68) + -117.
-65
Evaluate -52 - (-12 + 25 + -16 + -4).
-45
-49 + 129 + (-18 - 18)
44
Calculate 14 - (690 + -844 + -1 + 30).
139
Calculate (17 - -40) + 2 - 44.
15
Calculate 3 + -14 + (21 - 17) + -40.
-47
Evaluate (611 - 674) + (39 - 0).
-24
-34 - (20 - 26) - -59
31
What is the value of -1 + -35 + (173 - 160) + (-1 - 6)?
-30
Evaluate 10 + (8 - 22) + 8 + (5 - 2) - -11.
18
Calculate 8 - ((-13 - 1) + 88 + -78) - 25.
-13
-92 + 144 + -53 + -78
-79
Evaluate 83 + -180 + 50 + 139.
92
What is the value of (-1 - -62) + 2363 + -2458?
-34
(2 - (22 + -1)) + 7 + 3 + 54
45
Calculate -59 + -14 + -16 + 30 + 3 + 0.
-56
What is -2 - -3 - 19 - (-1 - 0 - -5)?
-22
Calculate 5244 - 5126 - ((0 - 1) + 33).
86
Calculate 0 + 5 - ((-4 - (-13 - 29)) + -62).
29
Calculate (1 - 2 - -1 - 9) + (-2043 - -2035).
-17
What is the value of (72 - 47 - ((0 - -1) + 2)) + (4 - 3)?
23
What is the value of (-25 + -1 + 6 - -1) + (97 - 103)?
-25
What is 36 - -14 - -12 - 21?
41
What is ((25 - 15) + -43 - ((3 - 3) + 6)) + -7?
-46
Calculate -1 + -139 - (8012 + -8054).
-98
Evaluate (-3 - -5) + -5 + 11 + (85 - 86).
7
(84 - -6) + -348 + 296
38
What is the value of -1 + (2 - 2) + -4 - (-88 - -153 - 41)?
-29
14 + 14 + -92 + 90
26
Calculate 12 + (1 + (-23 - 0) - (15 - (3 - -20))).
-2
What is (-8 - -9 - (-12 + 18 + 1)) + -71?
-77
(30 - ((6 - 26) + 30)) + (0 - -5)
25
Evaluate -48 - -251 - 65 - 60.
78
Evaluate -3 - 7 - (-63 + 88 + -19).
-16
What is the value of -21 - (17 + 21 + -41 + 9)?
-27
Calculate (-1 + 8 - (1116 - 1092)) + 6 + -4.
-15
What is -85 - (15 + 62 + (27 - 68))?
-121
Evaluate 24 - (66 + -7 + 23) - -23.
-35
Evaluate -89 + 5 + 3 + -62 + (10 - -55).
-78
What is -3 + (-1 - -4 - 9) + (11 - 0) + 0?
2
What is -862 + 871 - (-11 - (-3 + 4))?
21
Calculate (-2 - (7 - (-2 - -2))) + (15 - 118) + 106.
-6
What is 1 - (-2 + 13 + -9 - 14) - 9?
4
What is 14 + (-77 - -115) - -17?
69
Calculate 53 - (-57 + 82 - 44).
72
Evaluate 19 + -77 - (-61 + 87) - 0.
-84
What is the value of (2 + -3 - 3) + (35 - 3 - 39) - -2?
-9
Calculate -5 - (3 - -16) - (538 - 566).
4
Calculate (-55 - (35 - 29)) + (3 - -1 - (-3 + 4)).
-58
What is (0 - ((5 - 0) + 41)) + -4 + 11 + -4?
-43
Calculate -14 + (-11 - (3 + -15)) + 15 + -57.
-55
What is the value of -6 + -19 - (-18 + -3 + (13 - 1))?
-16
What is 19 + (-16 - (84 - -16) - -8) - 21?
-110
What is -26 - (-17 + 36 + -24 + -19)?
-2
Calculate -31 + (-50 - -95) + 1.
15
35 + -28 - (-33 - (10 + -7))
43
3 - -4 - (58 + -54 - (-9 + 2))
-4
What is 373 + -409 - (1 + -135)?
98
Calculate (-7 - -15) + (-7 - -3) + 7 + -3.
8
22 - 0 - (121 - (454 - 443))
-88
(65 - (44 - -1)) + 37
57
What is the value of -39 - (4 - -1 - (-27 - -22 - (0 - 14)))?
-35
Calculate -2 + 4 + -6 + -67 + (-213 - -153).
-131
82 + -58 + -45 + 14
-7
What is the value of 0 + 1 - 15 - ((-4 - -25) + -89)?
54
What is 2 - -42 - (15 - -42)?
-13
What is the value of -112 - (-388 + 84) - 122?
70
84 + -54 + -95 - -33
-32
What is (-8 - -5 - ((-5 - 0 - -10) + 46)) + -13?
-67
What is the value of -24 + -1 - (-116 + 103) - (11 + -3)?
-20
Calculate 11 - (7 + 80) - -10.
-66
-2 - (-4 + 4) - -36 - (-12 - 0)
46
(77 - (-50 + 65)) + -132
-70
What is the value of 7 + (-1 + 3 - 3) - (56 + 0 + 8)?
-58
Evaluate (-19 - -42 - (22 + -17)) + 71.
89
3 + 4 + 3453 + -3515
-55
What is the value of -34 + 20 + (-6 - (1 - 6)) + 10 + -15?
-20
Calculate (96 - 60) + 16 - (1 - 19).
70
-104 + 2 + 106 + -41
-37
Calculate 51 + 2 + (5 - (-2 - (-16 + 13 - 0))).
57
Evaluate (303 - 332) + 6 + 20.
-3
Calculate -44 + (79 - -26) + -1 - (-10 - 0).
70
What is the value of 2 + -1 + 0 + -269 + (81 - -144)?
-43
What is -2 + -73 + (2921 - 2923)?
-77
Calculate (-19 + 18 - 6) + 3 + 0 + 29 + -61.
-36
What is 72 + (65 - 35) + 16?
118
What is 14 + 58 + (-77 - 24)?
-29
Calculate 34 - (-15 + 32 + -59 + 96).
-20
Evaluate (0 - 63) + (18 + 36 + -52 - 21).
-82
Evaluate -19 + 24 + (10 + -55 - -21).
-19
What is the value of 2 - -11 - (105 - (81 + -25))?
-36
What is the value of -2 + -70 + (32 + -104 - -45)?
-99
What is the value of (-133 - -153) + -48 + -2?
-30
What is 117 + (-106 + -65 - -59)?
5
Evaluate (174 + -185 - (1 + 8)) + -1 + 7.
-14
What is the value of (-6 + 27 - 29) + (2 + -37 - (7 + -6))?
-44
Evaluate -39 - (79 + -87 + (-4 - 6)).
-21
Calculate (25 - (10 + 4 + -10 + 8)) + -12.
1
-72 + (1 - 18 - -1 - (1046 - 1046))
-88
Evaluate (8 - 4) + -4 + -1 + -59 + 63 + 69.
72
-42 - -1 - (-17 + 18 + -6) - (-105 + 102)
-33
(3489 - 3492) + -1 + -73
-77
Calculate 151 + -61 + -101 - (-2 + (-62 - -1) + 2).
50
Evaluate -36 - (9 - (-6 + 4 + 4 + -8 + 5)).
-46
What is the value of -11 + (44 - (-6 + 18 - 2 - -1))?
22
What is (1 + 16 + -32 - (-9 + -1)) + 0?
-5
Calculate (-3 - -27 - 2) + (115 - 99).
38
What is the value of -4 + -33 - (-4 - (12 + 2 + -3 + -2))?
-24
-19 - (-37 + 32 + -1 + -14)
1
What is the value of 0 + -9 - (-226 + (88 - -131))?
-2
-97 + (70 - (-4 - -46))
-69
(-15 + 56 - (-19 + 46)) + 90
104
117 - (-124 - -62) - 124
55
What is the value of (7 - (-10 - -13) - (-2 - 3)) + (-92 - -198)?
115
14 - 1 - (-772 - -757)
28
101 - (-17 + 137 + 124)
-143
Evaluate (-3 - -2 - 7 - (-138 - -199)) + (6 - -1).
-62
Calculate -71 - (38 + -39 - 96).
26
What is 58 - (-4 - (-23 - (10 + -19)))?
48
Evaluate -718 + 805 + (9 - -9).
105
-40 - (13 + (2 + -2 - 5) + -19 + 9)
-38
Evaluate -14 + -6 + (9 - (-9 - (2 + -5))) + -11.
-16
What is -10 + -43 + -1 + (5 - (1 + 5) - -9)?
-46
What is the value of 40 - ((1 - 4) + 6 - ((-3 - 0) + -3))?
31
What is the value of -176 + 218 + (-32 - -1) - (2 + 124)?
-115
Calculate 9 - -79 - (-55 + 12 + 48).
83
32 - (133 - (-40 + 30 + 33))
-78
Calculate 37 - (68 - 58) - (-4 + -2 - 1) - 7.
27
1 - (1 - -3) - (180 + -158)
-25
-7 + 124 + 2 + 15 + (7 - 26 - 1)
114
Evaluate 32 - (-3 + 69 + 43).
-77
Evaluate 17 - (9 - ((-29 - -17) + 6)) - (42 + 0).
-40
Evaluate -29 + (27 - -23) + 29.
50
1 - 9 - (14 + 13 + -18 - -24)
-41
13 + 1 + (108 + -81 - 42)
-1
Calculate (-53 + -72 - -72) + 111.
58
What is -77 - ((-87 - 55) + 7)?
58
-52 + (18 - -6) - (7 - (1 + 1))
-33
Calculate 86 + -166 - (10 - 26).
-64
-7 + 8 + -68 - (21 + -14)
-74
Evaluate (-25 - 30) + 35 - (13 - (-1 + 4)).
-30
Calculate (5 - -33) + (223 - 235).
26
Calculate 15 - (-2 - 14 - -25) - (-12 + 1).
17
Calculate -37 + 59 + -22 + 18 - (-1 + -1).
20
What is 35 - -16 - -9 - 62?
-2
Evaluate 43 - (16 + (7 + -1 - (49 + -20))).
50
Evaluate 2 + -16 - (40 - (51 + -37 + -3)).
-43
What is the value of (6 - 11) + 102 + -42?
55
-58 + 83 - 61 - (-1 + -7)
-28
-304 + 240 + (24 - 57)
-97
What is (-25 + 41 - (3 - -29)) + 18?
2
What is the value of -9 + 1 + 1 - (-42 + (-30 - (-4 - 64)))?
-3
-5 - (88 + -122 + (5 - 2) + -16) - 2
40
Evaluate -55 + 114 + -136 - (-1 - 7).
-69
Evaluate -1075 + 912 + 171 + (-54 - (-1 - 0)).
-45
What is the value of -55 - (3 + 4 + -16 + -3)?
-43
What is (8 - 7 - (-38 - (-5 + -24))) + -3 + 0?
7
What is the value of -35 + 61 - (95 - 80)?
11
Evaluate -9 - ((26 + -4 - 9) + (5 - 89)).
62
Evaluate 119 - (-28 + -1 + 46 + -23).
125
What is (0 - 4) + 2 + (7 - 57) + 55 + -13?
-10
Evaluate 11 + 6 + -15 - (-11 + -7 - -59).
-39
What is the value of (-22 + 2 + 19 - -8) + -11 - (-81 + 0)?
77
What is the value of 27 - (-15 + 7 + 5) - (-6 + 5 + 3)?
28
What is the value of -8 + (6 + (2 - 5) + 9 - 20)?
-16
What is the value of 13 + (-165 + 25 + -11 - (-3 + -6))?
-129
6 - -5 - (-9 + (-22 - -5 - -45))
-8
Evaluate 16 - 1 - (-96 + (128 - 95) + -3 + 0).
81
What is 6 + (-51 + -2 - 40)?
-87
44 + (15 - 20 - 2 - 0 - 9)
28
What is -54 + 127 + 5 - 11?
67
What is the value of 17 - 3 - (-20 - -59 - 21) - (-19 - 1)?
16
Calculate 20 + (-132 + 9 + 17 - 2).
-88
What is 66 + -43 + -52 + -18?
-47
Evaluate -46 - ((-33 - -9) + -106).
84
What is the value of -1 + -13 + -4 - (19 + -21) - 71?
-87
Evaluate -3 - -1 - (-48 + 17 - (-31 + -13 - -22)).
7
Evaluate 156 - (-62 + 241) - (-12 - (1 - 1)) - -57.
46
-12 + 1 - (30 - (-3 + (-3 - -11) + 13))
-23
What is 2 - ((-18 - -16) + -13 - -90) - -8?
-65
What is the value of (-9 - 0 - (179 + -197)) + (3 - 22) + -54?
-64
16 + -26 + (-7 - -21)
4
26 + (6 - 15) + (-49 + 161 - 5)
124
What is -75 - (56 + -22 + -37)?
-72
What is the value of (-225 - -239) + -27 + (-1 - 1 - 33)?
-48
What is the value of 19 - (122 + -55 + -18)?
-30
What is the value of (-2 - -3) + -9 - (-642 - -655)?
-21
What is the value of 121 - ((-4 - (13 